{"id":2,"date":"2013-08-28T03:15:35","date_gmt":"2013-08-28T03:15:35","guid":{"rendered":"http:\/\/localhost\/apsentorno\/instances\/5215cbee16caf\/htdocs\/?page_id=2"},"modified":"2023-07-07T15:16:59","modified_gmt":"2023-07-07T15:16:59","slug":"sample-page","status":"publish","type":"page","link":"https:\/\/geruestbau-lutter.de\/","title":{"rendered":"Startseite"},"content":{"rendered":"<p><img loading=\"lazy\" decoding=\"async\" class=\"alignleft wp-image-49 size-full\" style=\"margin-left: 15px; margin-right: 15px;\" src=\"https:\/\/geruestbau-lutter.de\/wp-content\/uploads\/2013\/09\/Fotolia_28053899_XS2.png\" alt=\"\u00a9 Peter K\u00f6gler \u2013 Fotolia.com\" width=\"281\" height=\"428\" \/><br \/>Herzlich Willkommen auf den Internetseiten der Firma R &#038; R Ger\u00fcstbau GmbH aus Bernau bei Berlin!<br \/>Im Jahre 2020\u00a0 feierte das Ger\u00fcstbauunternehmen R &#038; R aus Bernau bei Berlin sein Betriebsjubil\u00e4um.<\/p>\n<p>Was vor Jahren als Gesch\u00e4ftsidee begann, hat sich bis heute zu einem sehr erfolgreichen Ger\u00fcstbauunternehmen entwickelt.<\/p>\n<p>Bemerkenswert dabei ist die Tatsache, dass sich der Gesch\u00e4ftsverlauf unabh\u00e4ngig von den Schwankungen im allgemeinen Ger\u00fcstmarkt kontinuierlich positiv entwickelt hat.<\/p>\n<p>\u201cDaf\u00fcr gibt es verschiedene Gr\u00fcnde\u201d erl\u00e4utert die Gesch\u00e4ftsf\u00fchrung der Firma Lutter, die das Unternehmen in der ersten Generation f\u00fchrt, im Gespr\u00e4ch.<\/p>\n<p>\u201cEntscheidend f\u00fcr unseren Erfolg war es, dass wir uns immer auf die Anforderungen des Marktes eingestellt haben!\u201d<\/p>\n<p><strong>Ihr Ger\u00fcstbauteam der<\/strong><br \/><strong>R &#038; R Ger\u00fcstbau GmbH<\/strong><\/p>\n\n\n<p><\/p>\n","protected":false},"excerpt":{"rendered":"<p>Herzlich Willkommen auf den Internetseiten der Firma R &#038; R Ger\u00fcstbau GmbH aus Bernau bei Berlin!Im Jahre 2020\u00a0 feierte das Ger\u00fcstbauunternehmen R &#038; R aus Bernau bei Berlin sein Betriebsjubil\u00e4um. Was vor Jahren als Gesch\u00e4ftsidee begann, hat sich bis heute zu einem sehr erfolgreichen Ger\u00fcstbauunternehmen entwickelt. Bemerkenswert dabei ist die Tatsache, dass sich der Gesch\u00e4ftsverlauf&#8230; <a class=\"more\" href=\"https:\/\/geruestbau-lutter.de\/\">Continue reading &rarr;<\/a><\/p>\n","protected":false},"author":1,"featured_media":0,"parent":0,"menu_order":5,"comment_status":"closed","ping_status":"closed","template":"fullwidth-page.php","meta":{"footnotes":""},"class_list":["post-2","page","type-page","status-publish","hentry"],"_links":{"self":[{"href":"https:\/\/geruestbau-lutter.de\/index.php?rest_route=\/wp\/v2\/pages\/2","targetHints":{"allow":["GET"]}}],"collection":[{"href":"https:\/\/geruestbau-lutter.de\/index.php?rest_route=\/wp\/v2\/pages"}],"about":[{"href":"https:\/\/geruestbau-lutter.de\/index.php?rest_route=\/wp\/v2\/types\/page"}],"author":[{"embeddable":true,"href":"https:\/\/geruestbau-lutter.de\/index.php?rest_route=\/wp\/v2\/users\/1"}],"replies":[{"embeddable":true,"href":"https:\/\/geruestbau-lutter.de\/index.php?rest_route=%2Fwp%2Fv2%2Fcomments&post=2"}],"version-history":[{"count":58,"href":"https:\/\/geruestbau-lutter.de\/index.php?rest_route=\/wp\/v2\/pages\/2\/revisions"}],"predecessor-version":[{"id":243,"href":"https:\/\/geruestbau-lutter.de\/index.php?rest_route=\/wp\/v2\/pages\/2\/revisions\/243"}],"wp:attachment":[{"href":"https:\/\/geruestbau-lutter.de\/index.php?rest_route=%2Fwp%2Fv2%2Fmedia&parent=2"}],"curies":[{"name":"wp","href":"https:\/\/api.w.org\/{rel}","templated":true}]}}